{"id":8610,"date":"2025-05-01T15:27:39","date_gmt":"2025-05-01T15:27:39","guid":{"rendered":"https:\/\/orchestrenouvellegeneration.com\/?page_id=8610"},"modified":"2025-05-20T00:17:26","modified_gmt":"2025-05-20T00:17:26","slug":"barocco-joyeux-ou-presque","status":"publish","type":"page","link":"https:\/\/orchestrenouvellegeneration.com\/fr\/barocco-joyeux-ou-presque\/","title":{"rendered":"BAROCCO JOYEUX&#8230; ou presque"},"content":{"rendered":"<div class=\"wpb-content-wrapper\"><p>[vc_row][vc_column width=\u00a0\u00bb2\/3&Prime;][vc_column_text css=\u00a0\u00bb\u00a0\u00bb]<\/p>\n<h4><a href=\"https:\/\/printempsslaves.ca\/\" target=\"_blank\" rel=\"noopener\">LES PRINTEMPS SLAVES 2025<\/a><\/h4>\n<p><strong>Festival international de la musique et des cultures slaves<\/strong><\/p>\n<h4><a href=\"https:\/\/elviramisbakhova.com\/fr\/bio\/\" target=\"_blank\" rel=\"noopener\">Elvira Misbakhova<\/a>, alto<\/h4>\n<p>&nbsp;<\/p>\n<h5>Program<\/h5>\n<p><strong>Sinfonia en <em>sol majeur<\/em><\/strong><br \/>\n<a href=\"https:\/\/en.wikipedia.org\/wiki\/Franti%C5%A1ek_T%C5%AFma\" target=\"_blank\" rel=\"noopener\"><strong>Franti\u0161ek Ign\u00e1c Anton\u00edn Tuma<\/strong><\/a><\/p>\n<p><strong>Suite Berezovsky-Zakharava<\/strong><br \/>\nUne s\u00e9lection d&rsquo;\u0153uvres sacr\u00e9es de <a href=\"https:\/\/en.wikipedia.org\/wiki\/Maxim_Berezovsky\" target=\"_blank\" rel=\"noopener\"><strong>Maxim Berezovsky<\/strong><\/a>, arrang\u00e9es pour orchestre \u00e0 cordes, en dialogue avec les compositions r\u00e9centes de <a href=\"https:\/\/yuliyazakharava.com\/\" target=\"_blank\" rel=\"noopener\"><strong>Yuliya Zakharava\u2019s<\/strong><\/a> inspir\u00e9es par ces \u0153uvres.<\/p>\n<p><strong>\u201cRennsteig\u201d<\/strong><br \/>\nConcerto no 2 pour alto, avec orchestre \u00e0 cordes et clavecin, opus 41<br \/>\n<a href=\"https:\/\/airatichmouratov.com\/\" target=\"_blank\" rel=\"noopener\"><strong>Airat Ichmouratov<\/strong><\/a><\/p>\n<p><a href=\"https:\/\/elviramisbakhova.com\/fr\/bio\" target=\"_blank\" rel=\"noopener\"><strong>Elvira Misbakhova<\/strong><\/a>, alto[\/vc_column_text][vc_btn title=\u00a0\u00bbBILLETTERIE\u00a0\u00bb style=\u00a0\u00bbcustom\u00a0\u00bb custom_background=\u00a0\u00bb#861215&Prime; custom_text=\u00a0\u00bb#ffffff\u00a0\u00bb css=\u00a0\u00bb\u00a0\u00bb link=\u00a0\u00bburl:https%3A%2F%2Fconservatoire-montreal.tuxedobillet.com%2FConservatoire%2520Montr%25C3%25A9al%2Fles-printemps-slaves-ONG|target:_blank\u00a0\u00bb][vc_separator css=\u00a0\u00bb\u00a0\u00bb el_id=\u00a0\u00bbA1&Prime;][vc_column_text css=\u00a0\u00bb\u00a0\u00bb]<strong id=\"a1\">\u201cRennsteig\u201d<\/strong><br \/>\nLe Concerto pour alto et orchestre \u00e0 cordes avec clavecin no 2, \u201cRennsteig\u201d Op.41 a \u00e9t\u00e9 command\u00e9 en 2015 par l\u2019altiste Sasha Mirkovic et l\u2019ensemble Metamorphosis (Belgrade, Serbie). Il a \u00e9t\u00e9 jou\u00e9 en premi\u00e8re et enregistr\u00e9 \u00e0 Belgrade au printemps 2015. Le concerto porte le nom de \u00ab Rennsteig \u00bb qui est l\u2019ancien chemin \u00e0 l\u2019ouest d\u2019Eisenach, le lieu de naissance de J.S. Bach.<\/p>\n<p><span data-olk-copy-source=\"MessageBody\">~:~<\/span><\/p>\n<p><strong id=\"a2\">\u00c0 propos de la suite \u00ab Berezovsky\u2013Zakharava \u00bb<\/strong><br \/>\nTrois \u0153uvres spirituelles de Berezovsky, r\u00e9invent\u00e9es pour cordes, forment le c\u0153ur d\u2019une suite qui traverse les si\u00e8cles. En l\u2019absence des textes psalmiques \u2014 et avec eux, du cadre liturgique \u2014 cette musique profond\u00e9ment expressive se transforme, du sacr\u00e9 vers le spirituel. Non plus pri\u00e8re, mais musique qui touche l\u2019\u00e2me.<\/p>\n<p>En \u00e9cho, les nouvelles \u0153uvres de Yuliya Zakharava r\u00e9pondent \u00e0 Berezovsky avec fantaisie, ironie et une libert\u00e9 toute contemporaine. Ensemble, ces \u0153uvres tissent un dialogue inattendu entre deux \u00e9poques, deux sensibilit\u00e9s. Cette suite ne cherche pas \u00e0 recr\u00e9er un moment religieux, mais propose plut\u00f4t une sorte de r\u00e9incarnation dans un monde d\u2019aujourd\u2019hui, affranchi de sa vocation liturgique, mais empreint d\u2019une \u00e9motion nouvelle, libre et intime.[\/vc_column_text][\/vc_column][vc_column width=\u00a0\u00bb1\/3&Prime;][vc_single_image image=\u00a0\u00bb8620&Prime; img_size=\u00a0\u00bblarge\u00a0\u00bb onclick=\u00a0\u00bbcustom_link\u00a0\u00bb img_link_target=\u00a0\u00bb_blank\u00a0\u00bb css=\u00a0\u00bb\u00a0\u00bb link=\u00a0\u00bbhttps:\/\/elviramisbakhova.com\/fr\/bio\/\u00a0\u00bb][\/vc_column][\/vc_row]<\/p>\n<\/div>","protected":false},"excerpt":{"rendered":"<p>[vc_row][vc_column width=\u00a0\u00bb2\/3&Prime;][vc_column_text css=\u00a0\u00bb\u00a0\u00bb] LES PRINTEMPS SLAVES 2025 Festival international de la musique et des cultures slaves Elvira Misbakhova, alto &nbsp; Program Sinfonia en sol majeur Franti\u0161ek<span class=\"excerpt-hellip\"> [\u2026]<\/span><\/p>\n","protected":false},"author":9,"featured_media":-1,"parent":0,"menu_order":0,"comment_status":"closed","ping_status":"closed","template":"","meta":{"footnotes":""},"class_list":["post-8610","page","type-page","status-publish","has-post-thumbnail","hentry"],"_links":{"self":[{"href":"https:\/\/orchestrenouvellegeneration.com\/fr\/wp-json\/wp\/v2\/pages\/8610","targetHints":{"allow":["GET"]}}],"collection":[{"href":"https:\/\/orchestrenouvellegeneration.com\/fr\/wp-json\/wp\/v2\/pages"}],"about":[{"href":"https:\/\/orchestrenouvellegeneration.com\/fr\/wp-json\/wp\/v2\/types\/page"}],"author":[{"embeddable":true,"href":"https:\/\/orchestrenouvellegeneration.com\/fr\/wp-json\/wp\/v2\/users\/9"}],"replies":[{"embeddable":true,"href":"https:\/\/orchestrenouvellegeneration.com\/fr\/wp-json\/wp\/v2\/comments?post=8610"}],"version-history":[{"count":9,"href":"https:\/\/orchestrenouvellegeneration.com\/fr\/wp-json\/wp\/v2\/pages\/8610\/revisions"}],"predecessor-version":[{"id":8660,"href":"https:\/\/orchestrenouvellegeneration.com\/fr\/wp-json\/wp\/v2\/pages\/8610\/revisions\/8660"}],"wp:featuredmedia":[{"embeddable":true,"href":"https:\/\/orchestrenouvellegeneration.com\/fr\/wp-json\/"}],"wp:attachment":[{"href":"https:\/\/orchestrenouvellegeneration.com\/fr\/wp-json\/wp\/v2\/media?parent=8610"}],"curies":[{"name":"wp","href":"https:\/\/api.w.org\/{rel}","templated":true}]}}

<div class="wpb-content-wrapper"><p>[vc_row][vc_column width= »2/3&Prime;][vc_column_text css= » »]</p>
<h4><a href="https://printempsslaves.ca/" target="_blank" rel="noopener">LES PRINTEMPS SLAVES 2025</a></h4>
<p><strong>Festival international de la musique et des cultures slaves</strong></p>
<h4><a href="https://elviramisbakhova.com/fr/bio/" target="_blank" rel="noopener">Elvira Misbakhova</a>, alto</h4>
<p>&nbsp;</p>
<h5>Program</h5>
<p><strong>Sinfonia en <em>sol majeur</em></strong><br />
<a href="https://en.wikipedia.org/wiki/Franti%C5%A1ek_T%C5%AFma" target="_blank" rel="noopener"><strong>František Ignác Antonín Tuma</strong></a></p>
<p><strong>Suite Berezovsky-Zakharava</strong><br />
Une sélection d&rsquo;œuvres sacrées de <a href="https://en.wikipedia.org/wiki/Maxim_Berezovsky" target="_blank" rel="noopener"><strong>Maxim Berezovsky</strong></a>, arrangées pour orchestre à cordes, en dialogue avec les compositions récentes de <a href="https://yuliyazakharava.com/" target="_blank" rel="noopener"><strong>Yuliya Zakharava’s</strong></a> inspirées par ces œuvres.</p>
<p><strong>“Rennsteig”</strong><br />
Concerto no 2 pour alto, avec orchestre à cordes et clavecin, opus 41<br />
<a href="https://airatichmouratov.com/" target="_blank" rel="noopener"><strong>Airat Ichmouratov</strong></a></p>
<p><a href="https://elviramisbakhova.com/fr/bio" target="_blank" rel="noopener"><strong>Elvira Misbakhova</strong></a>, alto[/vc_column_text][vc_btn title= »BILLETTERIE » style= »custom » custom_background= »#861215&Prime; custom_text= »#ffffff » css= » » link= »url:https%3A%2F%2Fconservatoire-montreal.tuxedobillet.com%2FConservatoire%2520Montr%25C3%25A9al%2Fles-printemps-slaves-ONG|target:_blank »][vc_separator css= » » el_id= »A1&Prime;][vc_column_text css= » »]<strong id="a1">“Rennsteig”</strong><br />
Le Concerto pour alto et orchestre à cordes avec clavecin no 2, “Rennsteig” Op.41 a été commandé en 2015 par l’altiste Sasha Mirkovic et l’ensemble Metamorphosis (Belgrade, Serbie). Il a été joué en première et enregistré à Belgrade au printemps 2015. Le concerto porte le nom de « Rennsteig » qui est l’ancien chemin à l’ouest d’Eisenach, le lieu de naissance de J.S. Bach.</p>
<p><span data-olk-copy-source="MessageBody">~:~</span></p>
<p><strong id="a2">À propos de la suite « Berezovsky–Zakharava »</strong><br />
Trois œuvres spirituelles de Berezovsky, réinventées pour cordes, forment le cœur d’une suite qui traverse les siècles. En l’absence des textes psalmiques — et avec eux, du cadre liturgique — cette musique profondément expressive se transforme, du sacré vers le spirituel. Non plus prière, mais musique qui touche l’âme.</p>
<p>En écho, les nouvelles œuvres de Yuliya Zakharava répondent à Berezovsky avec fantaisie, ironie et une liberté toute contemporaine. Ensemble, ces œuvres tissent un dialogue inattendu entre deux époques, deux sensibilités. Cette suite ne cherche pas à recréer un moment religieux, mais propose plutôt une sorte de réincarnation dans un monde d’aujourd’hui, affranchi de sa vocation liturgique, mais empreint d’une émotion nouvelle, libre et intime.[/vc_column_text][/vc_column][vc_column width= »1/3&Prime;][vc_single_image image= »8620&Prime; img_size= »large » onclick= »custom_link » img_link_target= »_blank » css= » » link= »https://elviramisbakhova.com/fr/bio/ »][/vc_column][/vc_row]</p>
</div>

<p>[vc_row][vc_column width= »2/3&Prime;][vc_column_text css= » »] LES PRINTEMPS SLAVES 2025 Festival international de la musique et des cultures slaves Elvira Misbakhova, alto &nbsp; Program Sinfonia en sol majeur František<span class="excerpt-hellip"> […]</span></p>
