{"id":5240,"date":"2015-07-30T23:20:59","date_gmt":"2015-07-30T23:20:59","guid":{"rendered":"https:\/\/orchestrenouvellegeneration.com\/?page_id=5240"},"modified":"2021-03-05T17:25:27","modified_gmt":"2021-03-05T17:25:27","slug":"19-december-2015","status":"publish","type":"page","link":"https:\/\/orchestrenouvellegeneration.com\/fr\/saison-2015-2016\/19-december-2015\/","title":{"rendered":"LES PLEURS ET LES RIRES"},"content":{"rendered":"<div class=\"wpb-content-wrapper\"><p>[vc_row][vc_column width=\u00a0\u00bb3\/4&Prime;][vc_column_text]<em>\u00c0 cause de circonstances incontr\u00f4lables, l&rsquo;Orchestre a d\u00fb remplacer son chef d&rsquo;orchestre pour la soir\u00e9e : notre chef Airat Ichmouratov dirigera le prochain concert de l&rsquo;Orchestre.<\/em><\/p>\n<p>Rejoignez l\u2019Orchestre Nouvelle G\u00e9n\u00e9ration sous la direction de Airat Ichmouratov, avec notre talentueuse soliste Kateryna Bragina pour notre second concert de la saison, intitul\u00e9 LES PLEURS ET LES RIRES.<\/p>\n<p>De l\u2019exub\u00e9rance de Mozart aux tourments de Chostakovich, de la po\u00e9sie de Dvorak au monde f\u00e9\u00e9rique de Janacek, avec une touche d\u2019humour de Schnittke, une soir\u00e9e garantie pleine d\u2019\u00e9motions !<\/p>\n<p><em>Salle Pollack<\/em><\/p>\n<p><strong>Kateryna Bragina<\/strong>, violoncelle<br \/>\n<strong>Airat Ichmouratov<\/strong>, chef d\u2019orchestre<\/p>\n<p><strong>Programme<\/strong><br \/>\nSCHNITTKE Moz-Art \u00e0 la Haydn<br \/>\nJeu musical pour deux violons, deux petits orchestres \u00e0 cordes, contrebasse et chef d\u2019orchestre<br \/>\nMOZART Sonates d&rsquo;\u00c9glise<br \/>\nDVORAK Silent Woods, opus 68 pour violoncelle et cordes<br \/>\nJANACEK Pohadka pour violoncelle et cordes<br \/>\nCHOSTAKOVICH Symphonie de chambre (quatuor \u00e0 cordes n\u00ba 8)[\/vc_column_text][\/vc_column][vc_column width=\u00a0\u00bb1\/4&Prime;][vc_single_image image=\u00a0\u00bb7237&Prime; img_size=\u00a0\u00bbfull\u00a0\u00bb add_caption=\u00a0\u00bbyes\u00a0\u00bb onclick=\u00a0\u00bblink_image\u00a0\u00bb][vc_single_image image=\u00a0\u00bb7562&Prime; img_size=\u00a0\u00bbfull\u00a0\u00bb add_caption=\u00a0\u00bbyes\u00a0\u00bb onclick=\u00a0\u00bblink_image\u00a0\u00bb][\/vc_column][\/vc_row]<\/p>\n<\/div>","protected":false},"excerpt":{"rendered":"<p>[vc_row][vc_column width=\u00a0\u00bb3\/4&Prime;][vc_column_text]\u00c0 cause de circonstances incontr\u00f4lables, l&rsquo;Orchestre a d\u00fb remplacer son chef d&rsquo;orchestre pour la soir\u00e9e : notre chef Airat Ichmouratov dirigera le prochain concert de<span class=\"excerpt-hellip\"> [\u2026]<\/span><\/p>\n","protected":false},"author":9,"featured_media":0,"parent":5221,"menu_order":0,"comment_status":"closed","ping_status":"open","template":"","meta":{"footnotes":""},"class_list":["post-5240","page","type-page","status-publish","hentry"],"_links":{"self":[{"href":"https:\/\/orchestrenouvellegeneration.com\/fr\/wp-json\/wp\/v2\/pages\/5240","targetHints":{"allow":["GET"]}}],"collection":[{"href":"https:\/\/orchestrenouvellegeneration.com\/fr\/wp-json\/wp\/v2\/pages"}],"about":[{"href":"https:\/\/orchestrenouvellegeneration.com\/fr\/wp-json\/wp\/v2\/types\/page"}],"author":[{"embeddable":true,"href":"https:\/\/orchestrenouvellegeneration.com\/fr\/wp-json\/wp\/v2\/users\/9"}],"replies":[{"embeddable":true,"href":"https:\/\/orchestrenouvellegeneration.com\/fr\/wp-json\/wp\/v2\/comments?post=5240"}],"version-history":[{"count":12,"href":"https:\/\/orchestrenouvellegeneration.com\/fr\/wp-json\/wp\/v2\/pages\/5240\/revisions"}],"predecessor-version":[{"id":8045,"href":"https:\/\/orchestrenouvellegeneration.com\/fr\/wp-json\/wp\/v2\/pages\/5240\/revisions\/8045"}],"up":[{"embeddable":true,"href":"https:\/\/orchestrenouvellegeneration.com\/fr\/wp-json\/wp\/v2\/pages\/5221"}],"wp:attachment":[{"href":"https:\/\/orchestrenouvellegeneration.com\/fr\/wp-json\/wp\/v2\/media?parent=5240"}],"curies":[{"name":"wp","href":"https:\/\/api.w.org\/{rel}","templated":true}]}}

<div class="wpb-content-wrapper"><p>[vc_row][vc_column width= »3/4&Prime;][vc_column_text]<em>À cause de circonstances incontrôlables, l&rsquo;Orchestre a dû remplacer son chef d&rsquo;orchestre pour la soirée : notre chef Airat Ichmouratov dirigera le prochain concert de l&rsquo;Orchestre.</em></p>
<p>Rejoignez l’Orchestre Nouvelle Génération sous la direction de Airat Ichmouratov, avec notre talentueuse soliste Kateryna Bragina pour notre second concert de la saison, intitulé LES PLEURS ET LES RIRES.</p>
<p>De l’exubérance de Mozart aux tourments de Chostakovich, de la poésie de Dvorak au monde féérique de Janacek, avec une touche d’humour de Schnittke, une soirée garantie pleine d’émotions !</p>
<p><em>Salle Pollack</em></p>
<p><strong>Kateryna Bragina</strong>, violoncelle<br />
<strong>Airat Ichmouratov</strong>, chef d’orchestre</p>
<p><strong>Programme</strong><br />
SCHNITTKE Moz-Art à la Haydn<br />
Jeu musical pour deux violons, deux petits orchestres à cordes, contrebasse et chef d’orchestre<br />
MOZART Sonates d&rsquo;Église<br />
DVORAK Silent Woods, opus 68 pour violoncelle et cordes<br />
JANACEK Pohadka pour violoncelle et cordes<br />
CHOSTAKOVICH Symphonie de chambre (quatuor à cordes nº 8)[/vc_column_text][/vc_column][vc_column width= »1/4&Prime;][vc_single_image image= »7237&Prime; img_size= »full » add_caption= »yes » onclick= »link_image »][vc_single_image image= »7562&Prime; img_size= »full » add_caption= »yes » onclick= »link_image »][/vc_column][/vc_row]</p>
</div>

<p>[vc_row][vc_column width= »3/4&Prime;][vc_column_text]À cause de circonstances incontrôlables, l&rsquo;Orchestre a dû remplacer son chef d&rsquo;orchestre pour la soirée : notre chef Airat Ichmouratov dirigera le prochain concert de<span class="excerpt-hellip"> […]</span></p>
