{"id":4612,"date":"2014-06-10T17:41:12","date_gmt":"2014-06-10T17:41:12","guid":{"rendered":"https:\/\/orchestrenouvellegeneration.com\/?page_id=4612"},"modified":"2023-02-06T22:38:46","modified_gmt":"2023-02-06T22:38:46","slug":"hors-season-2014","status":"publish","type":"page","link":"https:\/\/orchestrenouvellegeneration.com\/fr\/hors-season-2014\/","title":{"rendered":"Hors-s\u00e9ries"},"content":{"rendered":"<div class=\"wpb-content-wrapper\"><p>[vc_row][vc_column][vc_single_image image=\u00a0\u00bb8412&Prime; img_size=\u00a0\u00bblarge\u00a0\u00bb onclick=\u00a0\u00bbcustom_link\u00a0\u00bb img_link_target=\u00a0\u00bb_blank\u00a0\u00bb link=\u00a0\u00bbhttps:\/\/www.facebook.com\/events\/5906779975999312&Prime;][\/vc_column][\/vc_row][vc_row][vc_column][vc_separator border_width=\u00a0\u00bb5&Prime; css=\u00a0\u00bb.vc_custom_1675721348782{margin-top: 40px !important;margin-bottom: 40px !important;}\u00a0\u00bb][\/vc_column][\/vc_row][vc_row][vc_column][vc_column_text]<img decoding=\"async\" class=\"size-medium alignnone\" src=\"https:\/\/orchestrenouvellegeneration.com\/wp-content\/uploads\/2019\/11\/CAM-poster-_november.jpg\" alt=\"Paganini Cymbalumesque\" width=\"80%\" \/><\/p>\n<p><span style=\"color: #000000;\"><em>Pr\u00e9sent\u00e9 dans le cadre du Conseil des arts de Montr\u00e9al en tourn\u00e9e Orchestre<br \/>\nNouvelle G\u00e9n\u00e9ration &amp; Alexandru Sura, cymbalum <\/em><\/span><\/p>\n<p>Paganini, Schubert, Piazzola, Bizet, M\u00e9lodies Roumaines<\/p>\n<p><b>2019-11-07<\/b> 19:30 Salle \u00c9mile Legault, 613 Avenue Sainte-Croix, Saint-Laurent<\/p>\n<p><b>2019-11-17<\/b> 14:30 Salle D\u00e9silets, 7000, Marie-Victorin Montr\u00e9al, H1G 2J6<\/p>\n<p><b>2019-11-2<\/b> 14:00 Pierrefonds Cultural Centre, 13850 Gouin Ouest, Pierrefonds, H8Z 1X7<\/p>\n<p><b>2020-02-08<\/b> 20:00 Maison de la culture Mercier, Salle de spectacle 8105, rue Hochelaga, Montr\u00e9al, H1L 2K9<\/p>\n<p><b>2020-02-21<\/b> 20:00 \u00c9glise Saint-Joachim 2, rue Sainte-Anne Pointe-Claire, H9S 4P5<\/p>\n<p><b>2020-02-23<\/b> 15:00 Salle Iro Valaskakis-Tembeck, Le centre culturel de Notre-Dame-de-Gr\u00e2ce, 6400 Monkland Ave, Montreal, H4B 1H3<\/p>\n<p><b>2020-02-27<\/b> 19:30 Eglise Jean XXIII, 7101, avenue De l&rsquo;Alsace, Anjou Quebec H1J2X8<\/p>\n<p><!-- [button link=\"https:\/\/www.accesculture.com\/activite\/Paganini_Cymbalumesque___Orchestre_Nouvelle_Generation1\" size=\"small\" bgcolor=\"red\" textcolor=\"white\"]Achat de billets[\/button]<br \/>\n<span> -->[\/vc_column_text][\/vc_column][\/vc_row]<\/p>\n<\/div>","protected":false},"excerpt":{"rendered":"<p>[vc_row][vc_column][vc_single_image image=\u00a0\u00bb8412&Prime; img_size=\u00a0\u00bblarge\u00a0\u00bb onclick=\u00a0\u00bbcustom_link\u00a0\u00bb img_link_target=\u00a0\u00bb_blank\u00a0\u00bb link=\u00a0\u00bbhttps:\/\/www.facebook.com\/events\/5906779975999312&Prime;][\/vc_column][\/vc_row][vc_row][vc_column][vc_separator border_width=\u00a0\u00bb5&Prime; css=\u00a0\u00bb.vc_custom_1675721348782{margin-top: 40px !important;margin-bottom: 40px !important;}\u00a0\u00bb][\/vc_column][\/vc_row][vc_row][vc_column][vc_column_text] Pr\u00e9sent\u00e9 dans le cadre du Conseil des arts de Montr\u00e9al en tourn\u00e9e Orchestre Nouvelle<span class=\"excerpt-hellip\"> [\u2026]<\/span><\/p>\n","protected":false},"author":9,"featured_media":0,"parent":0,"menu_order":0,"comment_status":"closed","ping_status":"open","template":"","meta":{"footnotes":""},"class_list":["post-4612","page","type-page","status-publish","hentry"],"_links":{"self":[{"href":"https:\/\/orchestrenouvellegeneration.com\/fr\/wp-json\/wp\/v2\/pages\/4612","targetHints":{"allow":["GET"]}}],"collection":[{"href":"https:\/\/orchestrenouvellegeneration.com\/fr\/wp-json\/wp\/v2\/pages"}],"about":[{"href":"https:\/\/orchestrenouvellegeneration.com\/fr\/wp-json\/wp\/v2\/types\/page"}],"author":[{"embeddable":true,"href":"https:\/\/orchestrenouvellegeneration.com\/fr\/wp-json\/wp\/v2\/users\/9"}],"replies":[{"embeddable":true,"href":"https:\/\/orchestrenouvellegeneration.com\/fr\/wp-json\/wp\/v2\/comments?post=4612"}],"version-history":[{"count":12,"href":"https:\/\/orchestrenouvellegeneration.com\/fr\/wp-json\/wp\/v2\/pages\/4612\/revisions"}],"predecessor-version":[{"id":8481,"href":"https:\/\/orchestrenouvellegeneration.com\/fr\/wp-json\/wp\/v2\/pages\/4612\/revisions\/8481"}],"wp:attachment":[{"href":"https:\/\/orchestrenouvellegeneration.com\/fr\/wp-json\/wp\/v2\/media?parent=4612"}],"curies":[{"name":"wp","href":"https:\/\/api.w.org\/{rel}","templated":true}]}}

Hors-séries

<div class="wpb-content-wrapper"><p>[vc_row][vc_column][vc_single_image image= »8412&Prime; img_size= »large » onclick= »custom_link » img_link_target= »_blank » link= »https://www.facebook.com/events/5906779975999312&Prime;][/vc_column][/vc_row][vc_row][vc_column][vc_separator border_width= »5&Prime; css= ».vc_custom_1675721348782{margin-top: 40px !important;margin-bottom: 40px !important;} »][/vc_column][/vc_row][vc_row][vc_column][vc_column_text]<img decoding="async" class="size-medium alignnone" src="https://orchestrenouvellegeneration.com/wp-content/uploads/2019/11/CAM-poster-_november.jpg" alt="Paganini Cymbalumesque" width="80%" /></p>
<p><span style="color: #000000;"><em>Présenté dans le cadre du Conseil des arts de Montréal en tournée Orchestre<br />
Nouvelle Génération &amp; Alexandru Sura, cymbalum </em></span></p>
<p>Paganini, Schubert, Piazzola, Bizet, Mélodies Roumaines</p>
<p><b>2019-11-07</b> 19:30 Salle Émile Legault, 613 Avenue Sainte-Croix, Saint-Laurent</p>
<p><b>2019-11-17</b> 14:30 Salle Désilets, 7000, Marie-Victorin Montréal, H1G 2J6</p>
<p><b>2019-11-2</b> 14:00 Pierrefonds Cultural Centre, 13850 Gouin Ouest, Pierrefonds, H8Z 1X7</p>
<p><b>2020-02-08</b> 20:00 Maison de la culture Mercier, Salle de spectacle 8105, rue Hochelaga, Montréal, H1L 2K9</p>
<p><b>2020-02-21</b> 20:00 Église Saint-Joachim 2, rue Sainte-Anne Pointe-Claire, H9S 4P5</p>
<p><b>2020-02-23</b> 15:00 Salle Iro Valaskakis-Tembeck, Le centre culturel de Notre-Dame-de-Grâce, 6400 Monkland Ave, Montreal, H4B 1H3</p>
<p><b>2020-02-27</b> 19:30 Eglise Jean XXIII, 7101, avenue De l&rsquo;Alsace, Anjou Quebec H1J2X8</p>
<p><!-- [button link="https://www.accesculture.com/activite/Paganini_Cymbalumesque___Orchestre_Nouvelle_Generation1" size="small" bgcolor="red" textcolor="white"]Achat de billets[/button]<br />
<span> -->[/vc_column_text][/vc_column][/vc_row]</p>
</div>

<p>[vc_row][vc_column][vc_single_image image= »8412&Prime; img_size= »large » onclick= »custom_link » img_link_target= »_blank » link= »https://www.facebook.com/events/5906779975999312&Prime;][/vc_column][/vc_row][vc_row][vc_column][vc_separator border_width= »5&Prime; css= ».vc_custom_1675721348782{margin-top: 40px !important;margin-bottom: 40px !important;} »][/vc_column][/vc_row][vc_row][vc_column][vc_column_text] Présenté dans le cadre du Conseil des arts de Montréal en tournée Orchestre Nouvelle<span class="excerpt-hellip"> […]</span></p>
