{"id":4431,"date":"2014-06-10T13:44:41","date_gmt":"2014-06-10T13:44:41","guid":{"rendered":"https:\/\/orchestrenouvellegeneration.com\/?page_id=4431"},"modified":"2021-03-06T03:23:27","modified_gmt":"2021-03-06T03:23:27","slug":"6-juin-2015","status":"publish","type":"page","link":"https:\/\/orchestrenouvellegeneration.com\/fr\/2014-2015-season\/6-juin-2015\/","title":{"rendered":"CONTE POUR DANSEUR DE CLAQUETTES"},"content":{"rendered":"<div class=\"wpb-content-wrapper\"><p>[vc_row][vc_column width=\u00a0\u00bb3\/4&Prime;][vc_column_text]Que diriez-vous d\u2019une belle histoire ?<br \/>\nUn conte pour danseur de claquettes et orchestre \u00e0 cordes\u2026<\/p>\n<p>Avec le concours de notre soliste invit\u00e9, Max Pollak \u2014 l\u2019un des noms les plus prestigieux du monde sur la sc\u00e8ne de la claquette \u2014 notre chef d\u2019orchestre et compositeur, Airat Ichmouratov va vous pr\u00e9senter l\u2019histoire de Shabarsha, un conte plein d\u2019\u00e9v\u00e9nements \u00e9tranges et merveilleux.<\/p>\n<p>Aussi au programme, la Symphonie pour Orchestre de chambre no 3 d\u2019Airat Ichmouratov et l\u2019une des \u0153uvres les plus romantiques d\u2019Elgar \u2014 Introduction et Allegro pour Cordes \u2014 ainsi que d\u2019autres superbes pi\u00e8ces.<\/p>\n<p>Une fin magique pour la saison!<\/p>\n<p><strong><a title=\"Max Pollak\" href=\"http:\/\/www.rumbatap.com\/about-max.html\" target=\"_blank\" rel=\"noopener\">Max Pollak<\/a><\/strong>, danseur de claquettes<br \/>\n<strong>Airat Ichmouratov<\/strong>, chef d\u2019orchestre<\/p>\n<p><strong>Edward Elgar<\/strong><br \/>\nIntroduction et Allegro pour Cordes, Op. 47<\/p>\n<p><strong>Airat Ichmouratov<\/strong><br \/>\nSymphonie de chambre no 3 Op.25a<\/p>\n<p><strong>Miguel Del Aguila<\/strong><br \/>\nPresto<\/p>\n<p><strong>Airat Ichmouratov<\/strong><br \/>\nShabarsha Op.39 Conte pour danseur de claquettes et cordes<\/p>\n<p><strong>Samuel Torres<\/strong><br \/>\nLucid Dream pour danseur de claquettes et cordes[\/vc_column_text][\/vc_column][vc_column width=\u00a0\u00bb1\/4&Prime;][vc_single_image image=\u00a0\u00bb7541&Prime; img_size=\u00a0\u00bbfull\u00a0\u00bb add_caption=\u00a0\u00bbyes\u00a0\u00bb onclick=\u00a0\u00bblink_image\u00a0\u00bb][vc_single_image image=\u00a0\u00bb7592&Prime; img_size=\u00a0\u00bbfull\u00a0\u00bb add_caption=\u00a0\u00bbyes\u00a0\u00bb onclick=\u00a0\u00bblink_image\u00a0\u00bb][\/vc_column][\/vc_row]<\/p>\n<\/div>","protected":false},"excerpt":{"rendered":"<p>[vc_row][vc_column width=\u00a0\u00bb3\/4&Prime;][vc_column_text]Que diriez-vous d\u2019une belle histoire ? Un conte pour danseur de claquettes et orchestre \u00e0 cordes\u2026 Avec le concours de notre soliste invit\u00e9, Max Pollak<span class=\"excerpt-hellip\"> [\u2026]<\/span><\/p>\n","protected":false},"author":9,"featured_media":0,"parent":4365,"menu_order":5,"comment_status":"closed","ping_status":"open","template":"","meta":{"footnotes":""},"class_list":["post-4431","page","type-page","status-publish","hentry"],"_links":{"self":[{"href":"https:\/\/orchestrenouvellegeneration.com\/fr\/wp-json\/wp\/v2\/pages\/4431","targetHints":{"allow":["GET"]}}],"collection":[{"href":"https:\/\/orchestrenouvellegeneration.com\/fr\/wp-json\/wp\/v2\/pages"}],"about":[{"href":"https:\/\/orchestrenouvellegeneration.com\/fr\/wp-json\/wp\/v2\/types\/page"}],"author":[{"embeddable":true,"href":"https:\/\/orchestrenouvellegeneration.com\/fr\/wp-json\/wp\/v2\/users\/9"}],"replies":[{"embeddable":true,"href":"https:\/\/orchestrenouvellegeneration.com\/fr\/wp-json\/wp\/v2\/comments?post=4431"}],"version-history":[{"count":23,"href":"https:\/\/orchestrenouvellegeneration.com\/fr\/wp-json\/wp\/v2\/pages\/4431\/revisions"}],"predecessor-version":[{"id":8088,"href":"https:\/\/orchestrenouvellegeneration.com\/fr\/wp-json\/wp\/v2\/pages\/4431\/revisions\/8088"}],"up":[{"embeddable":true,"href":"https:\/\/orchestrenouvellegeneration.com\/fr\/wp-json\/wp\/v2\/pages\/4365"}],"wp:attachment":[{"href":"https:\/\/orchestrenouvellegeneration.com\/fr\/wp-json\/wp\/v2\/media?parent=4431"}],"curies":[{"name":"wp","href":"https:\/\/api.w.org\/{rel}","templated":true}]}}

<div class="wpb-content-wrapper"><p>[vc_row][vc_column width= »3/4&Prime;][vc_column_text]Que diriez-vous d’une belle histoire ?<br />
Un conte pour danseur de claquettes et orchestre à cordes…</p>
<p>Avec le concours de notre soliste invité, Max Pollak — l’un des noms les plus prestigieux du monde sur la scène de la claquette — notre chef d’orchestre et compositeur, Airat Ichmouratov va vous présenter l’histoire de Shabarsha, un conte plein d’événements étranges et merveilleux.</p>
<p>Aussi au programme, la Symphonie pour Orchestre de chambre no 3 d’Airat Ichmouratov et l’une des œuvres les plus romantiques d’Elgar — Introduction et Allegro pour Cordes — ainsi que d’autres superbes pièces.</p>
<p>Une fin magique pour la saison!</p>
<p><strong><a title="Max Pollak" href="http://www.rumbatap.com/about-max.html" target="_blank" rel="noopener">Max Pollak</a></strong>, danseur de claquettes<br />
<strong>Airat Ichmouratov</strong>, chef d’orchestre</p>
<p><strong>Edward Elgar</strong><br />
Introduction et Allegro pour Cordes, Op. 47</p>
<p><strong>Airat Ichmouratov</strong><br />
Symphonie de chambre no 3 Op.25a</p>
<p><strong>Miguel Del Aguila</strong><br />
Presto</p>
<p><strong>Airat Ichmouratov</strong><br />
Shabarsha Op.39 Conte pour danseur de claquettes et cordes</p>
<p><strong>Samuel Torres</strong><br />
Lucid Dream pour danseur de claquettes et cordes[/vc_column_text][/vc_column][vc_column width= »1/4&Prime;][vc_single_image image= »7541&Prime; img_size= »full » add_caption= »yes » onclick= »link_image »][vc_single_image image= »7592&Prime; img_size= »full » add_caption= »yes » onclick= »link_image »][/vc_column][/vc_row]</p>
</div>

<p>[vc_row][vc_column width= »3/4&Prime;][vc_column_text]Que diriez-vous d’une belle histoire ? Un conte pour danseur de claquettes et orchestre à cordes… Avec le concours de notre soliste invité, Max Pollak<span class="excerpt-hellip"> […]</span></p>
