{"id":4365,"date":"2014-06-10T13:41:50","date_gmt":"2014-06-10T13:41:50","guid":{"rendered":"https:\/\/orchestrenouvellegeneration.com\/?page_id=4365"},"modified":"2021-03-06T03:29:05","modified_gmt":"2021-03-06T03:29:05","slug":"2014-2015-season","status":"publish","type":"page","link":"https:\/\/orchestrenouvellegeneration.com\/fr\/2014-2015-season\/","title":{"rendered":"Saison 2014 &#8211; 2015"},"content":{"rendered":"<div class=\"wpb-content-wrapper\"><p>[vc_row][vc_column width=\u00a0\u00bb2\/3&Prime;][vc_column_text]<\/p>\n<h4><a href=\"\/?page_id=4391\">BACH <i>\u00c0 LA JAZZ<\/i><\/a><\/h4>\n<h5>Samedi 20 Septembre 2014 \u00c0 20 h<\/h5>\n<p>BACH &#8211; Concerto Brandebourgeois no. 3 en sol majeur, BWV 1048<br \/>\nBACH &#8211; Concerto pour 3 violons en r\u00e9 majeur, BWV 1048<br \/>\nHERSKOWITZ &#8211; Bach <em>\u00e0 la Jazz<\/em><\/p>\n<p><strong>Matt Herskowitz<\/strong>, piano<br \/>\n<strong>Alain Aubut<\/strong>, chef d&rsquo;orchestre[\/vc_column_text][vc_btn title=\u00a0\u00bbEN SAVOIR PLUS\u00a0\u00bb style=\u00a0\u00bbcustom\u00a0\u00bb custom_background=\u00a0\u00bb#861215&Prime; custom_text=\u00a0\u00bb#fcfcfc\u00a0\u00bb size=\u00a0\u00bbsm\u00a0\u00bb align=\u00a0\u00bbleft\u00a0\u00bb link=\u00a0\u00bburl:https%3A%2F%2Forchestrenouvellegeneration.com%2Ffr%2F2014-2015-season%2F20-septembre-2014%2F|title:15%20d%C3%A9cembre%202018&Prime;][\/vc_column][vc_column width=\u00a0\u00bb1\/3&Prime;][vc_single_image image=\u00a0\u00bb7464&Prime; img_size=\u00a0\u00bbmedium\u00a0\u00bb alignment=\u00a0\u00bbcenter\u00a0\u00bb onclick=\u00a0\u00bbcustom_link\u00a0\u00bb link=\u00a0\u00bbhttps:\/\/orchestrenouvellegeneration.com\/fr\/2014-2015-season\/20-septembre-2014\/\u00a0\u00bb][\/vc_column][\/vc_row][vc_row][vc_column][vc_separator][\/vc_column][\/vc_row][vc_row][vc_column width=\u00a0\u00bb2\/3&Prime;][vc_column_text]<\/p>\n<h4><a href=\"\/?page_id=4398\">VIOLONCHELO ESPA\u00d1OL<\/a><\/h4>\n<h5>Samedi 8 novembre 2014 \u00c0 20 h<\/h5>\n<p>LALO &#8211; Concerto pour violoncelle en r\u00e9 mineur<br \/>\nGRANADOS &#8211; Intermezzo<br \/>\nDE FALLA &#8211; Suite populaire espagnole \/ Danza ritual del fuego<\/p>\n<p><strong>St\u00e9phane T\u00e9treault<\/strong>, violoncelle \/ chef d&rsquo;orchestre[\/vc_column_text][vc_btn title=\u00a0\u00bbEN SAVOIR PLUS\u00a0\u00bb style=\u00a0\u00bbcustom\u00a0\u00bb custom_background=\u00a0\u00bb#861215&Prime; custom_text=\u00a0\u00bb#fcfcfc\u00a0\u00bb size=\u00a0\u00bbsm\u00a0\u00bb align=\u00a0\u00bbleft\u00a0\u00bb link=\u00a0\u00bburl:https%3A%2F%2Forchestrenouvellegeneration.com%2Ffr%2F2014-2015-season%2F8-novembre-2014%2F|title:15%20d%C3%A9cembre%202018&Prime;][\/vc_column][vc_column width=\u00a0\u00bb1\/3&Prime;][vc_single_image image=\u00a0\u00bb7347&Prime; img_size=\u00a0\u00bbmedium\u00a0\u00bb alignment=\u00a0\u00bbcenter\u00a0\u00bb onclick=\u00a0\u00bbcustom_link\u00a0\u00bb link=\u00a0\u00bbhttps:\/\/orchestrenouvellegeneration.com\/fr\/2014-2015-season\/8-novembre-2014\/\u00a0\u00bb][\/vc_column][\/vc_row][vc_row][vc_column][vc_separator][\/vc_column][\/vc_row][vc_row][vc_column width=\u00a0\u00bb2\/3&Prime;][vc_column_text]<\/p>\n<h4><a href=\"\/?page_id=4408\">LES SAISONS DE PIAZZOLLA<\/a><\/h4>\n<h5>Samedi 24 Janvier 2015 \u00c0 20 h<\/h5>\n<p>PIAZZOLLA &#8211; Les quatre saisons de <em>Buenos Aires<\/em><\/p>\n<p>Danses du monde de<br \/>\nKOMITAS SKALKOTTAS SIBELIUS &amp; BARTOK<\/p>\n<p><strong>Airat Ichmouratov<\/strong>, chef d&rsquo;orchestre[\/vc_column_text][vc_btn title=\u00a0\u00bbEN SAVOIR PLUS\u00a0\u00bb style=\u00a0\u00bbcustom\u00a0\u00bb custom_background=\u00a0\u00bb#861215&Prime; custom_text=\u00a0\u00bb#fcfcfc\u00a0\u00bb size=\u00a0\u00bbsm\u00a0\u00bb align=\u00a0\u00bbleft\u00a0\u00bb link=\u00a0\u00bburl:https%3A%2F%2Forchestrenouvellegeneration.com%2Ffr%2F2014-2015-season%2F24-janvier-2015%2F|title:5%20avril%202020&Prime;][\/vc_column][vc_column width=\u00a0\u00bb1\/3&Prime;][vc_single_image image=\u00a0\u00bb7549&Prime; img_size=\u00a0\u00bbmedium\u00a0\u00bb alignment=\u00a0\u00bbcenter\u00a0\u00bb onclick=\u00a0\u00bbcustom_link\u00a0\u00bb link=\u00a0\u00bbhttps:\/\/orchestrenouvellegeneration.com\/fr\/2014-2015-season\/24-janvier-2015\/\u00a0\u00bb][\/vc_column][\/vc_row][vc_row][vc_column][vc_separator][\/vc_column][\/vc_row][vc_row][vc_column width=\u00a0\u00bb2\/3&Prime;][vc_column_text]<\/p>\n<h4><a href=\"\/?page_id=4420\">LE PRODIGE ET LE MAITRE<\/a><\/h4>\n<h5>Samedi 7 mars 2015 \u00c0 20 h<\/h5>\n<p>MENDELSSOHN &#8211; Concerto pour violon et cordes en r\u00e9 mineur<br \/>\nTCHAIKOVSKY &#8211; S\u00e9r\u00e9nade pour cordes<\/p>\n<p><strong>Dmitri Berlinsky<\/strong>, violon<br \/>\n<strong>Alain Aubut<\/strong>, chef d&rsquo;orchestre[\/vc_column_text][vc_btn title=\u00a0\u00bbEN SAVOIR PLUS\u00a0\u00bb style=\u00a0\u00bbcustom\u00a0\u00bb custom_background=\u00a0\u00bb#861215&Prime; custom_text=\u00a0\u00bb#fcfcfc\u00a0\u00bb size=\u00a0\u00bbsm\u00a0\u00bb align=\u00a0\u00bbleft\u00a0\u00bb link=\u00a0\u00bburl:https%3A%2F%2Forchestrenouvellegeneration.com%2Ffr%2F2014-2015-season%2F7-mars-2015%2F|title:14%20juin%202020&Prime;][\/vc_column][vc_column width=\u00a0\u00bb1\/3&Prime;][vc_single_image image=\u00a0\u00bb7465&Prime; img_size=\u00a0\u00bbmedium\u00a0\u00bb alignment=\u00a0\u00bbcenter\u00a0\u00bb onclick=\u00a0\u00bbcustom_link\u00a0\u00bb link=\u00a0\u00bbhttps:\/\/orchestrenouvellegeneration.com\/fr\/2014-2015-season\/7-mars-2015\/\u00a0\u00bb][\/vc_column][\/vc_row][vc_row][vc_column][vc_separator][\/vc_column][\/vc_row][vc_row][vc_column width=\u00a0\u00bb2\/3&Prime;][vc_column_text]<\/p>\n<h4><a href=\"\/?page_id=4431\">CONTE POUR DANSEUR DE CLAQUETTES<\/a><\/h4>\n<h5>Samedi 6 juin 2015 \u00c0 20 h<\/h5>\n<p>ICHMOURATOV &#8211; \u00c0 propos de la neige fondante <em>(premi\u00e8re)<\/em><br \/>\n<em>Op\u00e9ra-grotesque d&rsquo;apr\u00e8s les textes comiques de Fiodor Dosto\u00efevski<\/em><\/p>\n<p><strong>Max Pollak<\/strong>, danseur de claquettes<br \/>\n<strong>Airat Ichmouratov<\/strong>, chef d&rsquo;orchestre[\/vc_column_text][vc_btn title=\u00a0\u00bbEN SAVOIR PLUS\u00a0\u00bb style=\u00a0\u00bbcustom\u00a0\u00bb custom_background=\u00a0\u00bb#861215&Prime; custom_text=\u00a0\u00bb#fcfcfc\u00a0\u00bb size=\u00a0\u00bbsm\u00a0\u00bb align=\u00a0\u00bbleft\u00a0\u00bb link=\u00a0\u00bburl:https%3A%2F%2Forchestrenouvellegeneration.com%2Ffr%2F2014-2015-season%2F6-juin-2015%2F|title:PRE-CONCERT%2C%20%C3%89toiles%20de%20demain\u00a0\u00bb][\/vc_column][vc_column width=\u00a0\u00bb1\/3&Prime;][vc_single_image image=\u00a0\u00bb7541&Prime; img_size=\u00a0\u00bbmedium\u00a0\u00bb alignment=\u00a0\u00bbcenter\u00a0\u00bb onclick=\u00a0\u00bbcustom_link\u00a0\u00bb link=\u00a0\u00bbhttps:\/\/orchestrenouvellegeneration.com\/fr\/2014-2015-season\/6-juin-2015\/\u00a0\u00bb][\/vc_column][\/vc_row]<\/p>\n<\/div>","protected":false},"excerpt":{"rendered":"<p>[vc_row][vc_column width=\u00a0\u00bb2\/3&Prime;][vc_column_text] BACH \u00c0 LA JAZZ Samedi 20 Septembre 2014 \u00c0 20 h BACH &#8211; Concerto Brandebourgeois no. 3 en sol majeur, BWV 1048 BACH &#8211;<span class=\"excerpt-hellip\"> [\u2026]<\/span><\/p>\n","protected":false},"author":9,"featured_media":0,"parent":0,"menu_order":1,"comment_status":"closed","ping_status":"closed","template":"","meta":{"footnotes":""},"class_list":["post-4365","page","type-page","status-publish","hentry"],"_links":{"self":[{"href":"https:\/\/orchestrenouvellegeneration.com\/fr\/wp-json\/wp\/v2\/pages\/4365","targetHints":{"allow":["GET"]}}],"collection":[{"href":"https:\/\/orchestrenouvellegeneration.com\/fr\/wp-json\/wp\/v2\/pages"}],"about":[{"href":"https:\/\/orchestrenouvellegeneration.com\/fr\/wp-json\/wp\/v2\/types\/page"}],"author":[{"embeddable":true,"href":"https:\/\/orchestrenouvellegeneration.com\/fr\/wp-json\/wp\/v2\/users\/9"}],"replies":[{"embeddable":true,"href":"https:\/\/orchestrenouvellegeneration.com\/fr\/wp-json\/wp\/v2\/comments?post=4365"}],"version-history":[{"count":29,"href":"https:\/\/orchestrenouvellegeneration.com\/fr\/wp-json\/wp\/v2\/pages\/4365\/revisions"}],"predecessor-version":[{"id":8091,"href":"https:\/\/orchestrenouvellegeneration.com\/fr\/wp-json\/wp\/v2\/pages\/4365\/revisions\/8091"}],"wp:attachment":[{"href":"https:\/\/orchestrenouvellegeneration.com\/fr\/wp-json\/wp\/v2\/media?parent=4365"}],"curies":[{"name":"wp","href":"https:\/\/api.w.org\/{rel}","templated":true}]}}

<div class="wpb-content-wrapper"><p>[vc_row][vc_column width= »2/3&Prime;][vc_column_text]</p>
<h4><a href="/?page_id=4391">BACH <i>À LA JAZZ</i></a></h4>
<h5>Samedi 20 Septembre 2014 À 20 h</h5>
<p>BACH &#8211; Concerto Brandebourgeois no. 3 en sol majeur, BWV 1048<br />
BACH &#8211; Concerto pour 3 violons en ré majeur, BWV 1048<br />
HERSKOWITZ &#8211; Bach <em>à la Jazz</em></p>
<p><strong>Matt Herskowitz</strong>, piano<br />
<strong>Alain Aubut</strong>, chef d&rsquo;orchestre[/vc_column_text][vc_btn title= »EN SAVOIR PLUS » style= »custom » custom_background= »#861215&Prime; custom_text= »#fcfcfc » size= »sm » align= »left » link= »url:https%3A%2F%2Forchestrenouvellegeneration.com%2Ffr%2F2014-2015-season%2F20-septembre-2014%2F|title:15%20d%C3%A9cembre%202018&Prime;][/vc_column][vc_column width= »1/3&Prime;][vc_single_image image= »7464&Prime; img_size= »medium » alignment= »center » onclick= »custom_link » link= »https://orchestrenouvellegeneration.com/fr/2014-2015-season/20-septembre-2014/ »][/vc_column][/vc_row][vc_row][vc_column][vc_separator][/vc_column][/vc_row][vc_row][vc_column width= »2/3&Prime;][vc_column_text]</p>
<h4><a href="/?page_id=4398">VIOLONCHELO ESPAÑOL</a></h4>
<h5>Samedi 8 novembre 2014 À 20 h</h5>
<p>LALO &#8211; Concerto pour violoncelle en ré mineur<br />
GRANADOS &#8211; Intermezzo<br />
DE FALLA &#8211; Suite populaire espagnole / Danza ritual del fuego</p>
<p><strong>Stéphane Tétreault</strong>, violoncelle / chef d&rsquo;orchestre[/vc_column_text][vc_btn title= »EN SAVOIR PLUS » style= »custom » custom_background= »#861215&Prime; custom_text= »#fcfcfc » size= »sm » align= »left » link= »url:https%3A%2F%2Forchestrenouvellegeneration.com%2Ffr%2F2014-2015-season%2F8-novembre-2014%2F|title:15%20d%C3%A9cembre%202018&Prime;][/vc_column][vc_column width= »1/3&Prime;][vc_single_image image= »7347&Prime; img_size= »medium » alignment= »center » onclick= »custom_link » link= »https://orchestrenouvellegeneration.com/fr/2014-2015-season/8-novembre-2014/ »][/vc_column][/vc_row][vc_row][vc_column][vc_separator][/vc_column][/vc_row][vc_row][vc_column width= »2/3&Prime;][vc_column_text]</p>
<h4><a href="/?page_id=4408">LES SAISONS DE PIAZZOLLA</a></h4>
<h5>Samedi 24 Janvier 2015 À 20 h</h5>
<p>PIAZZOLLA &#8211; Les quatre saisons de <em>Buenos Aires</em></p>
<p>Danses du monde de<br />
KOMITAS SKALKOTTAS SIBELIUS &amp; BARTOK</p>
<p><strong>Airat Ichmouratov</strong>, chef d&rsquo;orchestre[/vc_column_text][vc_btn title= »EN SAVOIR PLUS » style= »custom » custom_background= »#861215&Prime; custom_text= »#fcfcfc » size= »sm » align= »left » link= »url:https%3A%2F%2Forchestrenouvellegeneration.com%2Ffr%2F2014-2015-season%2F24-janvier-2015%2F|title:5%20avril%202020&Prime;][/vc_column][vc_column width= »1/3&Prime;][vc_single_image image= »7549&Prime; img_size= »medium » alignment= »center » onclick= »custom_link » link= »https://orchestrenouvellegeneration.com/fr/2014-2015-season/24-janvier-2015/ »][/vc_column][/vc_row][vc_row][vc_column][vc_separator][/vc_column][/vc_row][vc_row][vc_column width= »2/3&Prime;][vc_column_text]</p>
<h4><a href="/?page_id=4420">LE PRODIGE ET LE MAITRE</a></h4>
<h5>Samedi 7 mars 2015 À 20 h</h5>
<p>MENDELSSOHN &#8211; Concerto pour violon et cordes en ré mineur<br />
TCHAIKOVSKY &#8211; Sérénade pour cordes</p>
<p><strong>Dmitri Berlinsky</strong>, violon<br />
<strong>Alain Aubut</strong>, chef d&rsquo;orchestre[/vc_column_text][vc_btn title= »EN SAVOIR PLUS » style= »custom » custom_background= »#861215&Prime; custom_text= »#fcfcfc » size= »sm » align= »left » link= »url:https%3A%2F%2Forchestrenouvellegeneration.com%2Ffr%2F2014-2015-season%2F7-mars-2015%2F|title:14%20juin%202020&Prime;][/vc_column][vc_column width= »1/3&Prime;][vc_single_image image= »7465&Prime; img_size= »medium » alignment= »center » onclick= »custom_link » link= »https://orchestrenouvellegeneration.com/fr/2014-2015-season/7-mars-2015/ »][/vc_column][/vc_row][vc_row][vc_column][vc_separator][/vc_column][/vc_row][vc_row][vc_column width= »2/3&Prime;][vc_column_text]</p>
<h4><a href="/?page_id=4431">CONTE POUR DANSEUR DE CLAQUETTES</a></h4>
<h5>Samedi 6 juin 2015 À 20 h</h5>
<p>ICHMOURATOV &#8211; À propos de la neige fondante <em>(première)</em><br />
<em>Opéra-grotesque d&rsquo;après les textes comiques de Fiodor Dostoïevski</em></p>
<p><strong>Max Pollak</strong>, danseur de claquettes<br />
<strong>Airat Ichmouratov</strong>, chef d&rsquo;orchestre[/vc_column_text][vc_btn title= »EN SAVOIR PLUS » style= »custom » custom_background= »#861215&Prime; custom_text= »#fcfcfc » size= »sm » align= »left » link= »url:https%3A%2F%2Forchestrenouvellegeneration.com%2Ffr%2F2014-2015-season%2F6-juin-2015%2F|title:PRE-CONCERT%2C%20%C3%89toiles%20de%20demain »][/vc_column][vc_column width= »1/3&Prime;][vc_single_image image= »7541&Prime; img_size= »medium » alignment= »center » onclick= »custom_link » link= »https://orchestrenouvellegeneration.com/fr/2014-2015-season/6-juin-2015/ »][/vc_column][/vc_row]</p>
</div>

<p>[vc_row][vc_column width= »2/3&Prime;][vc_column_text] BACH À LA JAZZ Samedi 20 Septembre 2014 À 20 h BACH &#8211; Concerto Brandebourgeois no. 3 en sol majeur, BWV 1048 BACH &#8211;<span class="excerpt-hellip"> […]</span></p>
