{"id":2501,"date":"2012-08-30T16:36:11","date_gmt":"2012-08-30T16:36:11","guid":{"rendered":"https:\/\/orchestrenouvellegeneration.com\/?page_id=2501"},"modified":"2025-05-01T16:55:46","modified_gmt":"2025-05-01T16:55:46","slug":"conseil-dadministration","status":"publish","type":"page","link":"https:\/\/orchestrenouvellegeneration.com\/fr\/conseil-dadministration\/","title":{"rendered":"Conseil d&rsquo;administration"},"content":{"rendered":"<div class=\"wpb-content-wrapper\"><p>[vc_row][vc_column width=\u00a0\u00bb1\/3&Prime;][vc_column_text css=\u00a0\u00bb\u00a0\u00bb]<\/p>\n<h4 style=\"font-size: 16px;\">Fondateurs<\/h4>\n<p><strong>Yuli &amp; Eleonora Turovsky<\/strong><\/p>\n<h4 style=\"font-size: 16px;\">Directrice artistique <span data-olk-copy-source=\"MessageBody\">&amp;<\/span><br \/>\nPr\u00e9sidente du conseil<\/h4>\n<p><strong>Natasha Turovsky<\/strong><\/p>\n<h4 style=\"font-size: 16px;\">Secr\u00e9taire-Tr\u00e9sorier<\/h4>\n<p><strong>John Grow<\/strong>, ISA-AM<br \/>\n\u00c9valuateur sp\u00e9cialis\u00e9 en biens personnels[\/vc_column_text][\/vc_column][vc_column width=\u00a0\u00bb2\/3&Prime;][vc_column_text]<\/p>\n<h3>Administrateurs<\/h3>\n<p>[\/vc_column_text][vc_row_inner][vc_column_inner width=\u00a0\u00bb1\/2&Prime;][vc_column_text css=\u00a0\u00bb\u00a0\u00bb]<strong>Erica Bloom<\/strong><\/p>\n<p><strong>Steve Coplan<\/strong><br \/>\nLevy Pilotte<\/p>\n<p><strong>Esfir Dyachkov<\/strong><br \/>\nPianiste de concert<br \/>\nCamp musical Tutti[\/vc_column_text][\/vc_column_inner][vc_column_inner width=\u00a0\u00bb1\/2&Prime;][vc_column_text]<strong>Svetlana Migdissova<\/strong><br \/>\nJournaliste<\/p>\n<p><strong>St\u00e9phane T\u00e9treault<\/strong><br \/>\nVioloncelliste \/ Chef d&rsquo;orchestre<\/p>\n<p><strong>Alain T\u00e9treault<\/strong><br \/>\nMembre du conseil (Honoraire)[\/vc_column_text][\/vc_column_inner][\/vc_row_inner][\/vc_column][\/vc_row]<\/p>\n<\/div>","protected":false},"excerpt":{"rendered":"<p>[vc_row][vc_column width=\u00a0\u00bb1\/3&Prime;][vc_column_text css=\u00a0\u00bb\u00a0\u00bb] Fondateurs Yuli &amp; Eleonora Turovsky Directrice artistique &amp; Pr\u00e9sidente du conseil Natasha Turovsky Secr\u00e9taire-Tr\u00e9sorier John Grow, ISA-AM \u00c9valuateur sp\u00e9cialis\u00e9 en biens personnels[\/vc_column_text][\/vc_column][vc_column width=\u00a0\u00bb2\/3&Prime;][vc_column_text]<span class=\"excerpt-hellip\"> [\u2026]<\/span><\/p>\n","protected":false},"author":9,"featured_media":-1,"parent":0,"menu_order":5,"comment_status":"closed","ping_status":"open","template":"","meta":{"footnotes":""},"class_list":["post-2501","page","type-page","status-publish","has-post-thumbnail","hentry"],"_links":{"self":[{"href":"https:\/\/orchestrenouvellegeneration.com\/fr\/wp-json\/wp\/v2\/pages\/2501","targetHints":{"allow":["GET"]}}],"collection":[{"href":"https:\/\/orchestrenouvellegeneration.com\/fr\/wp-json\/wp\/v2\/pages"}],"about":[{"href":"https:\/\/orchestrenouvellegeneration.com\/fr\/wp-json\/wp\/v2\/types\/page"}],"author":[{"embeddable":true,"href":"https:\/\/orchestrenouvellegeneration.com\/fr\/wp-json\/wp\/v2\/users\/9"}],"replies":[{"embeddable":true,"href":"https:\/\/orchestrenouvellegeneration.com\/fr\/wp-json\/wp\/v2\/comments?post=2501"}],"version-history":[{"count":36,"href":"https:\/\/orchestrenouvellegeneration.com\/fr\/wp-json\/wp\/v2\/pages\/2501\/revisions"}],"predecessor-version":[{"id":8653,"href":"https:\/\/orchestrenouvellegeneration.com\/fr\/wp-json\/wp\/v2\/pages\/2501\/revisions\/8653"}],"wp:featuredmedia":[{"embeddable":true,"href":"https:\/\/orchestrenouvellegeneration.com\/fr\/wp-json\/"}],"wp:attachment":[{"href":"https:\/\/orchestrenouvellegeneration.com\/fr\/wp-json\/wp\/v2\/media?parent=2501"}],"curies":[{"name":"wp","href":"https:\/\/api.w.org\/{rel}","templated":true}]}}

<div class="wpb-content-wrapper"><p>[vc_row][vc_column width= »1/3&Prime;][vc_column_text css= » »]</p>
<h4 style="font-size: 16px;">Fondateurs</h4>
<p><strong>Yuli &amp; Eleonora Turovsky</strong></p>
<h4 style="font-size: 16px;">Directrice artistique <span data-olk-copy-source="MessageBody">&amp;</span><br />
Présidente du conseil</h4>
<p><strong>Natasha Turovsky</strong></p>
<h4 style="font-size: 16px;">Secrétaire-Trésorier</h4>
<p><strong>John Grow</strong>, ISA-AM<br />
Évaluateur spécialisé en biens personnels[/vc_column_text][/vc_column][vc_column width= »2/3&Prime;][vc_column_text]</p>
<h3>Administrateurs</h3>
<p>[/vc_column_text][vc_row_inner][vc_column_inner width= »1/2&Prime;][vc_column_text css= » »]<strong>Erica Bloom</strong></p>
<p><strong>Steve Coplan</strong><br />
Levy Pilotte</p>
<p><strong>Esfir Dyachkov</strong><br />
Pianiste de concert<br />
Camp musical Tutti[/vc_column_text][/vc_column_inner][vc_column_inner width= »1/2&Prime;][vc_column_text]<strong>Svetlana Migdissova</strong><br />
Journaliste</p>
<p><strong>Stéphane Tétreault</strong><br />
Violoncelliste / Chef d&rsquo;orchestre</p>
<p><strong>Alain Tétreault</strong><br />
Membre du conseil (Honoraire)[/vc_column_text][/vc_column_inner][/vc_row_inner][/vc_column][/vc_row]</p>
</div>

<p>[vc_row][vc_column width= »1/3&Prime;][vc_column_text css= » »] Fondateurs Yuli &amp; Eleonora Turovsky Directrice artistique &amp; Présidente du conseil Natasha Turovsky Secrétaire-Trésorier John Grow, ISA-AM Évaluateur spécialisé en biens personnels[/vc_column_text][/vc_column][vc_column width= »2/3&Prime;][vc_column_text]<span class="excerpt-hellip"> […]</span></p>
